f a?
11383
Suppose -587 - 1093 = -30*b. Suppose 45*m = b*m - 16599. List the prime factors of m.
3, 503
Let g(h) = h**3 - 3*h**2 - h - 17. Let i be g(4). Let m(n) = -5*n**3 - 4*n**2 - 4*n + 1. List the prime factors of m(i).
2, 3, 7, 13
Suppose -26*s = -21*s - 4015. List the prime factors of s.
11, 73
Let b(t) = -48*t**3 - 50 - 44*t**3 + 20*t**2 - 57*t + 135*t**3 - 42*t**3. What are the prime factors of b(-22)?
2, 59
Let o = 97 + -93. Suppose 2*b = 0, -2*w - 162 = -o*b - 556. What are the prime factors of w?
197
Let q(c) = -c**2 - c + 15. Let f = 83 + -87. Let r be q(f). Suppose -3*u = 4*t - 326, 2*t - 1 = r*t. What are the prime factors of u?
2, 5, 11
Suppose 0 = -0*t + t - 6*t. List the prime factors of (t - (-40)/25)*1025/10.
2, 41
Suppose -y + 15902 = -4*h - 7689, 0 = 4*y - 4*h - 94352. What are the prime factors of y?
103, 229
Let s(u) = 4*u**3 - 3*u**2 + 2. Let f be s(2). Suppose 23*i = f*i. Suppose 2*a - 5*a + 165 = i. What are the prime factors of a?
5, 11
Suppose -9*v = -105914 - 6451. List the prime factors of v.
5, 11, 227
Let t(z) = 6*z - 5. Let n = -38 + 31. Let b(m) = m + 11. Let r be b(n). What are the prime factors of t(r)?
19
Let z(s) be the first derivative of -s + 23 - 1/2*s**2 + 7/3*s**3. What are the prime factors of z(-4)?
5, 23
Suppose -5*n - 4*a = 7465, n - 3*n - 2986 = -3*a. Let h = n + 3251. List the prime factors of h.
2, 3, 293
Let a = -21676 - -25353. List the prime factors of a.
3677
Let l = 46 - 46. Suppose l = -2*d - 16 + 126. What are the prime factors of 5/((-20)/(-12)) + d*1?
2, 29
Suppose -12*p - 38 = 22. Let i be (6/(-5))/(2/p). Suppose 0 = 5*x + 3*s - 895, 3*s - 312 = -i*x + 225. List the prime factors of x.
179
Suppose -4*k = p - 100, 0 = -2*k + 3*p - 0*p + 64. Suppose -6*t + 10 = -k. Suppose 15*z = t*z + 1287. List the prime factors of z.
11, 13
What are the prime factors of 2 + 18008 + ((-15)/(-9))/(175/105)?
7, 31, 83
Let n be (55/10 - 6)*-18. Suppose -360 = -n*w + w. List the prime factors of w.
3, 5
Suppose -2*c - 60 = 5*w - 7*c, 0 = 2*w - 4*c + 32. Let j be 9/12*w/(-3). Suppose -3*r - 2*n = 3*n - 242, -3*r = -j*n - 214. List the prime factors of r.
2, 37
Let k = 96 - 89. Let f(b) = b**3 - 7*b**2 - 3*b - 19. Let l be f(k). Let r = -32 - l. List the prime factors of r.
2
List the prime factors of ((-45677)/(((-5)/(-20))/1))/(-4).
45677
Suppose -x + 25 = 5*y + 2*x, -3*x = 4*y - 23. What are the prime factors of (-1 - 3) + (-390)/(y - 5)?
2, 3, 7
Suppose 0 = -5*a - 34 + 39, 4*f - 96953 = -5*a. List the prime factors of f.
3, 2693
Let j(p) = 297*p**2 - 6*p + 52. List the prime factors of j(6).
2, 2677
Let x(c) = -124*c + 129 - 74 + 191. What are the prime factors of x(-7)?
2, 557
Let z = 9375 + -5076. What are the prime factors of z?
3, 1433
Suppose 5*y + 3*q = 669, 3*y = -0*y - 2*q + 402. Let v(k) = -38*k - 4. Let w be v(-4). Let j = w - y. List the prime factors of j.
2
Suppose -4*p - 12 + 120 = 0. Let k be 24 - 10*(-4)/32*4. Suppose k*h = p*h + 190. What are the prime factors of h?
5, 19
Let x(n) = -4*n**3 + 2*n**2 + 1. Suppose -8*g + 432 = -17*g. Let u = -50 - g. List the prime factors of x(u).
41
Let b = 242 - 592. Let s = b - -743. What are the prime factors of s?
3, 131
Suppose 662*l - 731*l = -1289265. List the prime factors of l.
5, 37, 101
What are the prime factors of 14416/(-64)*-36 - (-1)/1?
2, 5, 811
Suppose 7 = g + 1. Suppose -273 = -g*x + 243. Let f = -23 + x. List the prime factors of f.
3, 7
Suppose -3*y - 5 = -u - 2, 5*y - 3*u = -9. Suppose -2*r - p + 327 = y, -r + 4*p + 174 = p. List the prime factors of r.
3, 5, 11
Suppose 33*i = 1668778 + 201860. What are the prime factors of i?
2, 7, 4049
Let q = -61 + 7. Let r be (q/10 - 1)/(6/(-45)). Let s = 50 + r. What are the prime factors of s?
2, 7
Let c(n) = -39*n + 1. Let f be c(-1). Let q be 110/f - (-3)/12. Suppose 0*u + q*u = 84. List the prime factors of u.
2, 7
Let g(o) = 1892*o + 108. List the prime factors of g(39).
2, 3, 3079
Suppose 5*b - 2*n - 62565 = 0, 2*b - 24748 = 5*n + 278. What are the prime factors of b?
3, 43, 97
Let l(g) = -86*g**3 - 5*g**2 - 9*g - 13. What are the prime factors of l(-5)?
10657
Let c be 11166/(-26)*-4 + 58/377. Let g = c + -1023. List the prime factors of g.
5, 139
Let l(v) = -28758*v - v**3 - 8 + 3 + 13*v**2 + 28744*v. Let w be 4 - (-2 - 0)/1. List the prime factors of l(w).
163
Let n = -1 + 17. Let u(h) = 13 - n + 3*h - 7. List the prime factors of u(6).
2
Let x = 5404 - 3020. What are the prime factors of x?
2, 149
Let v = -112 - -111. List the prime factors of ((-113)/7 + v)*(68 + -75).
2, 3, 5
Let b = -354 - -890. Let s be ((25/10)/5)/(4/b). Let o = s + 74. What are the prime factors of o?
3, 47
Let a(t) = 81*t**2 - 3 + 1 - 3 - t**3 - 85*t**2. List the prime factors of a(-6).
67
Suppose 12*v - 2130 - 5538 = 0. What are the prime factors of v?
3, 71
Let d = -114 + 2152. Suppose -4*x - 746 = -d. List the prime factors of x.
17, 19
Let s be (3 + 0)*(-98)/(-42). Suppose -3*c = -s*c + 576. Suppose -3*l = -c - 36. What are the prime factors of l?
2, 3, 5
Let a = 190 - 172. Suppose 4775 + 16087 = a*k. List the prime factors of k.
19, 61
Let n(l) = l**2 + 3*l - 30. Let o be n(12). Let k = o - -148. List the prime factors of k.
2, 149
Let x = 5246 + 4577. What are the prime factors of x?
11, 19, 47
Suppose -5*u = -10*u - 42385. What are the prime factors of 4/(-6) - u/21?
13, 31
Let o = 842 - 699. What are the prime factors of o - 15/((-75)/(-20))?
139
Let k = 3494 + -2077. Suppose 0 = -2*r - 3*j + k, 4*j = -3*r + 972 + 1151. What are the prime factors of r?
701
Suppose -91*f + 102*f + 121 = 0. What are the prime factors of 24/(-36)*f*123?
2, 11, 41
Let r = -2852 + 1595. Let i = 1981 + r. What are the prime factors of i?
2, 181
Let w = 37777 + -25914. What are the prime factors of w?
11863
Let v = 12329 + -2612. Suppose 0 = 16*p + 1765 - v. What are the prime factors of p?
7, 71
Suppose -2*u - 5*h = -14014, -2*u + 636*h = 637*h - 14006. List the prime factors of u.
2, 3, 389
Let s be ((-4)/((-36)/39))/(4/12). Suppose -3*r = s*r - 13088. List the prime factors of r.
2, 409
Let s(f) = -2*f**2 - 2*f + 2. Let a be s(0). Suppose 2364 = 14*n - a*n. What are the prime factors of n?
197
What are the prime factors of 249/(-6)*-2*13?
13, 83
Let r(s) = -s**2 + 20*s - 15. Let c be r(19). Suppose -5*i = -c*i + 4, -123 = -o + 5*i. Suppose 7*w - o = 583. List the prime factors of w.
2, 7
Let c = 614 + -617. List the prime factors of (543/c + 2)*(-56)/8.
7, 179
Let k(g) = -20*g - 19. Suppose -5*x - 5*x = 110. List the prime factors of k(x).
3, 67
Let y = 448 - 262. Let s = y - 66. What are the prime factors of s?
2, 3, 5
Let k = 7826 - 2958. List the prime factors of k/14 + -3 - 16/(-56).
3, 5, 23
Let l = -6595 + 7550. What are the prime factors of l?
5, 191
Let b(g) = 1298*g**2 + 145*g + 741. List the prime factors of b(-5).
2, 3, 7, 773
Let f(v) = -v**2 + 8*v + 6. Let o be f(8). Suppose 0 = -13*x + 27*x - 28. List the prime factors of (2/o*x)/((-14)/(-2667)).
127
Let u(r) = 11*r**3 + 4*r**2 - 11*r. Let i(n) = 34*n**3 + 12*n**2 - 32*n. Let o(k) = 6*i(k) - 17*u(k). What are the prime factors of o(4)?
2, 283
Suppose 18*m + 2*m - 140 = 0. List the prime factors of 93 + m*3/21.
2, 47
Suppose 39*n - 108*n = -1051491. List the prime factors of n.
7, 311
Let a = 6645 + 2396. What are the prime factors of a?
9041
Let c(n) = -2*n**2 + 19*n - 42. Let b be c(5). Suppose 2*a + 308 = q + 3*q, 3*a - 222 = -b*q. What are the prime factors of q?
2, 19
Suppose 4*t - 15 = -5*r, -r + 8 = 3*t + 5. What are the prime factors of (-382)/12*-20 + r/9?
7, 13
Let g be (200/(-16))/((-1)/(-6)). Let x = 193 + g. What are the prime factors of x?
2, 59
Let y = 40558 - 20838. List the prime factors of y.
2, 5, 17, 29
Suppose 23*g - 1704 = 11*g. Let l(k) = k**2 + k. Let a be l(-1). List the prime factors of 2/(a - (-4)/g).
71
Let k be 41*((-78)/52 - 30/4). Let p = k + 1279. List the prime factors of p.
2, 5, 7, 13
Suppose 0*v + 77*v = -40*v + 3709719. What are the prime factors of v?
3, 13, 271
Suppose -4*t + 11*t + 22889 - 123339 = 0. What are the prime factors of t?
2, 5, 7, 41
Let h = 852 + -506. Let x = -201 + h. What are the prime factors of x?
5, 29
List the prime factors of ((-1728)/(-176))/54 + 2/((-22)/(-31579)).
3, 11, 29
Suppose -19*w = 5*